{"id":49,"date":"2026-01-19T12:55:26","date_gmt":"2026-01-19T08:55:26","guid":{"rendered":"https:\/\/istipol.az\/?page_id=49"},"modified":"2026-01-21T12:11:10","modified_gmt":"2026-01-21T08:11:10","slug":"isti-pol-test2","status":"publish","type":"page","link":"https:\/\/istipol.az\/","title":{"rendered":"\u0130sti Pol \u018fsas"},"content":{"rendered":"\t\t<div data-elementor-type=\"wp-page\" data-elementor-id=\"49\" class=\"elementor elementor-49\" data-elementor-post-type=\"page\">\n\t\t\t\t<div class=\"elementor-element elementor-element-4c734bb e-grid e-con-boxed e-con e-parent\" data-id=\"4c734bb\" data-element_type=\"container\">\n\t\t\t\t\t<div class=\"e-con-inner\">\n\t\t<div class=\"elementor-element elementor-element-85968b9 e-con-full e-flex e-con e-child\" data-id=\"85968b9\" data-element_type=\"container\">\n\t\t\t\t<div class=\"elementor-element elementor-element-2352af5 elementor-widget elementor-widget-image\" data-id=\"2352af5\" data-element_type=\"widget\" data-widget_type=\"image.default\">\n\t\t\t\t\t\t\t\t\t\t\t\t\t\t\t\t<a href=\"https:\/\/master.az\/product-category\/istilik-sistemleri\/isti-pol\/oksigen-bariyerli\/\">\n\t\t\t\t\t\t\t<img fetchpriority=\"high\" decoding=\"async\" width=\"300\" height=\"300\" src=\"https:\/\/istipol.az\/wp-content\/uploads\/2026\/01\/1.png\" class=\"attachment-large size-large wp-image-72\" alt=\"\" srcset=\"https:\/\/istipol.az\/wp-content\/uploads\/2026\/01\/1.png 300w, https:\/\/istipol.az\/wp-content\/uploads\/2026\/01\/1-150x150.png 150w\" sizes=\"(max-width: 300px) 100vw, 300px\" \/>\t\t\t\t\t\t\t\t<\/a>\n\t\t\t\t\t\t\t\t\t\t\t\t\t\t\t<\/div>\n\t\t\t\t<div class=\"elementor-element elementor-element-e00dab2 elementor-widget elementor-widget-heading\" data-id=\"e00dab2\" data-element_type=\"widget\" data-widget_type=\"heading.default\">\n\t\t\t\t\t<h6 class=\"elementor-heading-title elementor-size-default\">Oksigen Bariyerli (isti pol)<\/h6>\t\t\t\t<\/div>\n\t\t\t\t<\/div>\n\t\t<div class=\"elementor-element elementor-element-17fdb7f e-con-full e-flex e-con e-child\" data-id=\"17fdb7f\" data-element_type=\"container\">\n\t\t\t\t<div class=\"elementor-element elementor-element-a4fab20 elementor-widget elementor-widget-image\" data-id=\"a4fab20\" data-element_type=\"widget\" data-widget_type=\"image.default\">\n\t\t\t\t\t\t\t\t\t\t\t\t\t\t\t\t<a href=\"https:\/\/master.az\/product-category\/istilik-sistemleri\/isti-pol\/aluminium-falqali\/\">\n\t\t\t\t\t\t\t<img decoding=\"async\" width=\"300\" height=\"300\" src=\"https:\/\/istipol.az\/wp-content\/uploads\/2026\/01\/2.png\" class=\"attachment-large size-large wp-image-73\" alt=\"\" srcset=\"https:\/\/istipol.az\/wp-content\/uploads\/2026\/01\/2.png 300w, https:\/\/istipol.az\/wp-content\/uploads\/2026\/01\/2-150x150.png 150w\" sizes=\"(max-width: 300px) 100vw, 300px\" \/>\t\t\t\t\t\t\t\t<\/a>\n\t\t\t\t\t\t\t\t\t\t\t\t\t\t\t<\/div>\n\t\t\t\t<div class=\"elementor-element elementor-element-9b0cb07 elementor-widget elementor-widget-heading\" data-id=\"9b0cb07\" data-element_type=\"widget\" data-widget_type=\"heading.default\">\n\t\t\t\t\t<h6 class=\"elementor-heading-title elementor-size-default\">Al\u00fcminium falqal\u0131 (isti pol)<\/h6>\t\t\t\t<\/div>\n\t\t\t\t<\/div>\n\t\t<div class=\"elementor-element elementor-element-edbaa56 e-con-full e-flex e-con e-child\" data-id=\"edbaa56\" data-element_type=\"container\">\n\t\t\t\t<div class=\"elementor-element elementor-element-91ce3d7 elementor-widget elementor-widget-image\" data-id=\"91ce3d7\" data-element_type=\"widget\" data-widget_type=\"image.default\">\n\t\t\t\t\t\t\t\t\t\t\t\t\t\t\t\t<a href=\"https:\/\/master.az\/product-category\/istilik-sistemleri\/isti-pol\/?fmeta-yerden_isitma_boru_novu=984&#038;wpf_fbv=1\">\n\t\t\t\t\t\t\t<img decoding=\"async\" width=\"300\" height=\"300\" src=\"https:\/\/istipol.az\/wp-content\/uploads\/2026\/01\/3.png\" class=\"attachment-large size-large wp-image-74\" alt=\"\" srcset=\"https:\/\/istipol.az\/wp-content\/uploads\/2026\/01\/3.png 300w, https:\/\/istipol.az\/wp-content\/uploads\/2026\/01\/3-150x150.png 150w\" sizes=\"(max-width: 300px) 100vw, 300px\" \/>\t\t\t\t\t\t\t\t<\/a>\n\t\t\t\t\t\t\t\t\t\t\t\t\t\t\t<\/div>\n\t\t\t\t<div class=\"elementor-element elementor-element-2030ccc elementor-widget elementor-widget-heading\" data-id=\"2030ccc\" data-element_type=\"widget\" data-widget_type=\"heading.default\">\n\t\t\t\t\t<h6 class=\"elementor-heading-title elementor-size-default\">Pert Boru \n(isti pol)<\/h6>\t\t\t\t<\/div>\n\t\t\t\t<\/div>\n\t\t<div class=\"elementor-element elementor-element-3f52696 e-con-full e-flex e-con e-child\" data-id=\"3f52696\" data-element_type=\"container\">\n\t\t\t\t<div class=\"elementor-element elementor-element-294fe5c elementor-widget elementor-widget-image\" data-id=\"294fe5c\" data-element_type=\"widget\" data-widget_type=\"image.default\">\n\t\t\t\t\t\t\t\t\t\t\t\t\t\t\t\t<a href=\"https:\/\/master.az\/product-category\/istilik-sistemleri\/kollektorlar\/\">\n\t\t\t\t\t\t\t<img loading=\"lazy\" decoding=\"async\" width=\"300\" height=\"300\" src=\"https:\/\/istipol.az\/wp-content\/uploads\/2026\/01\/4.png\" class=\"attachment-large size-large wp-image-75\" alt=\"\" srcset=\"https:\/\/istipol.az\/wp-content\/uploads\/2026\/01\/4.png 300w, https:\/\/istipol.az\/wp-content\/uploads\/2026\/01\/4-150x150.png 150w\" sizes=\"(max-width: 300px) 100vw, 300px\" \/>\t\t\t\t\t\t\t\t<\/a>\n\t\t\t\t\t\t\t\t\t\t\t\t\t\t\t<\/div>\n\t\t\t\t<div class=\"elementor-element elementor-element-35c875a elementor-widget elementor-widget-heading\" data-id=\"35c875a\" data-element_type=\"widget\" data-widget_type=\"heading.default\">\n\t\t\t\t\t<h6 class=\"elementor-heading-title elementor-size-default\">Kollektorlar<\/h6>\t\t\t\t<\/div>\n\t\t\t\t<\/div>\n\t\t<div class=\"elementor-element elementor-element-76d3ed8 e-con-full e-flex e-con e-child\" data-id=\"76d3ed8\" data-element_type=\"container\">\n\t\t\t\t<div class=\"elementor-element elementor-element-65b4b85 elementor-widget elementor-widget-image\" data-id=\"65b4b85\" data-element_type=\"widget\" data-widget_type=\"image.default\">\n\t\t\t\t\t\t\t\t\t\t\t\t\t\t\t\t<a href=\"https:\/\/master.az\/product-category\/istilik-sistemleri\/isti-pol\/isti-pol-fitinqleri-yerden-isitme-aksesuarlari\/\">\n\t\t\t\t\t\t\t<img loading=\"lazy\" decoding=\"async\" width=\"300\" height=\"300\" src=\"https:\/\/istipol.az\/wp-content\/uploads\/2026\/01\/5.png\" class=\"attachment-large size-large wp-image-76\" alt=\"\" srcset=\"https:\/\/istipol.az\/wp-content\/uploads\/2026\/01\/5.png 300w, https:\/\/istipol.az\/wp-content\/uploads\/2026\/01\/5-150x150.png 150w\" sizes=\"(max-width: 300px) 100vw, 300px\" \/>\t\t\t\t\t\t\t\t<\/a>\n\t\t\t\t\t\t\t\t\t\t\t\t\t\t\t<\/div>\n\t\t\t\t<div class=\"elementor-element elementor-element-09033ca elementor-widget elementor-widget-heading\" data-id=\"09033ca\" data-element_type=\"widget\" data-widget_type=\"heading.default\">\n\t\t\t\t\t<h6 class=\"elementor-heading-title elementor-size-default\">\u0130sti Pol Aksesuar\u0131<\/h6>\t\t\t\t<\/div>\n\t\t\t\t<\/div>\n\t\t<div class=\"elementor-element elementor-element-df0aba3 e-con-full e-flex e-con e-child\" data-id=\"df0aba3\" data-element_type=\"container\">\n\t\t\t\t<div class=\"elementor-element elementor-element-7bb57f2 elementor-widget elementor-widget-image\" data-id=\"7bb57f2\" data-element_type=\"widget\" data-widget_type=\"image.default\">\n\t\t\t\t\t\t\t\t\t\t\t\t\t\t\t\t<a href=\"https:\/\/master.az\/product-category\/istilik-sistemleri\/strafor-izolyasiya-penoplast\/\">\n\t\t\t\t\t\t\t<img loading=\"lazy\" decoding=\"async\" width=\"300\" height=\"300\" src=\"https:\/\/istipol.az\/wp-content\/uploads\/2026\/01\/6.png\" class=\"attachment-large size-large wp-image-77\" alt=\"\" srcset=\"https:\/\/istipol.az\/wp-content\/uploads\/2026\/01\/6.png 300w, https:\/\/istipol.az\/wp-content\/uploads\/2026\/01\/6-150x150.png 150w\" sizes=\"(max-width: 300px) 100vw, 300px\" \/>\t\t\t\t\t\t\t\t<\/a>\n\t\t\t\t\t\t\t\t\t\t\t\t\t\t\t<\/div>\n\t\t\t\t<div class=\"elementor-element elementor-element-92bef83 elementor-widget elementor-widget-heading\" data-id=\"92bef83\" data-element_type=\"widget\" data-widget_type=\"heading.default\">\n\t\t\t\t\t<h6 class=\"elementor-heading-title elementor-size-default\">Strafor \u0130zolyasiya<\/h6>\t\t\t\t<\/div>\n\t\t\t\t<\/div>\n\t\t\t\t\t<\/div>\n\t\t\t\t<\/div>\n\t\t\t\t<\/div>\n\t\t","protected":false},"excerpt":{"rendered":"<p>Oksigen Bariyerli (isti pol) Al\u00fcminium falqal\u0131 (isti pol) Pert Boru (isti pol) Kollektorlar \u0130sti Pol Aksesuar\u0131 Strafor \u0130zolyasiya<\/p>\n","protected":false},"author":2,"featured_media":0,"parent":0,"menu_order":0,"comment_status":"closed","ping_status":"closed","template":"","meta":{"footnotes":""},"class_list":["post-49","page","type-page","status-publish","hentry"],"_links":{"self":[{"href":"https:\/\/istipol.az\/index.php\/wp-json\/wp\/v2\/pages\/49","targetHints":{"allow":["GET"]}}],"collection":[{"href":"https:\/\/istipol.az\/index.php\/wp-json\/wp\/v2\/pages"}],"about":[{"href":"https:\/\/istipol.az\/index.php\/wp-json\/wp\/v2\/types\/page"}],"author":[{"embeddable":true,"href":"https:\/\/istipol.az\/index.php\/wp-json\/wp\/v2\/users\/2"}],"replies":[{"embeddable":true,"href":"https:\/\/istipol.az\/index.php\/wp-json\/wp\/v2\/comments?post=49"}],"version-history":[{"count":47,"href":"https:\/\/istipol.az\/index.php\/wp-json\/wp\/v2\/pages\/49\/revisions"}],"predecessor-version":[{"id":129,"href":"https:\/\/istipol.az\/index.php\/wp-json\/wp\/v2\/pages\/49\/revisions\/129"}],"wp:attachment":[{"href":"https:\/\/istipol.az\/index.php\/wp-json\/wp\/v2\/media?parent=49"}],"curies":[{"name":"wp","href":"https:\/\/api.w.org\/{rel}","templated":true}]}}